{"id":7182,"date":"2020-11-09T11:04:17","date_gmt":"2020-11-09T10:04:17","guid":{"rendered":"http:\/\/campano.salesianos.edu\/colegio\/?page_id=7182"},"modified":"2020-11-12T09:08:24","modified_gmt":"2020-11-12T08:08:24","slug":"proyecto-erasmus-k102","status":"publish","type":"page","link":"https:\/\/campano.salesianos.edu\/colegio\/proyecto-erasmus-k102\/","title":{"rendered":"Proyecto Erasmus+ K102"},"content":{"rendered":"<div id=\"fb-root\"><\/div>\n<p>[et_pb_section fb_built=\u00bb1&#8243; _builder_version=\u00bb4.6.6&#8243; _module_preset=\u00bbdefault\u00bb da_disable_devices=\u00bboff|off|off\u00bb da_is_popup=\u00bboff\u00bb da_exit_intent=\u00bboff\u00bb da_has_close=\u00bbon\u00bb da_alt_close=\u00bboff\u00bb da_dark_close=\u00bboff\u00bb da_not_modal=\u00bbon\u00bb da_is_singular=\u00bboff\u00bb da_with_loader=\u00bboff\u00bb da_has_shadow=\u00bbon\u00bb][et_pb_row _builder_version=\u00bb4.6.6&#8243; _module_preset=\u00bbdefault\u00bb][et_pb_column type=\u00bb4_4&#8243; _builder_version=\u00bb4.6.6&#8243; _module_preset=\u00bbdefault\u00bb][et_pb_image src=\u00bbhttp:\/\/campano.salesianos.edu\/colegio\/wp-content\/uploads\/sites\/2\/2020\/11\/Captura-de-pantalla-2020-11-09-a-las-11.06.46.png\u00bb title_text=\u00bbCaptura de pantalla 2020-11-09 a las 11.06.46&#8243; _builder_version=\u00bb4.6.6&#8243; _module_preset=\u00bbdefault\u00bb][\/et_pb_image][\/et_pb_column][\/et_pb_row][et_pb_row column_structure=\u00bb1_2,1_2&#8243; _builder_version=\u00bb4.6.6&#8243; _module_preset=\u00bbdefault\u00bb locked=\u00bboff\u00bb][et_pb_column type=\u00bb1_2&#8243; _builder_version=\u00bb4.6.6&#8243; _module_preset=\u00bbdefault\u00bb][et_pb_text _builder_version=\u00bb4.6.6&#8243; _module_preset=\u00bbdefault\u00bb header_font=\u00bb|800|||||||\u00bb header_text_color=\u00bb#0c71c3&#8243; hover_enabled=\u00bb0&#8243; sticky_enabled=\u00bb0&#8243;]<\/p>\n<h1>Erasmus+ Proyecto K102 \u201cCreciendo en Europa\u201d<\/h1>\n<p>&nbsp;<\/p>\n<p>PLAN DE DESARROLLO EUROPEO DEL CENTRO.<\/p>\n<p>&nbsp;<\/p>\n<p>El proyecto \u201cCreciendo en Europa\u201d es el punto de partida del futuro proyecto de internacionalizaci\u00f3n del Centro, con el que se pretende mejorar la calidad de la formaci\u00f3n en todas las etapas educativas que se imparten a trav\u00e9s de diferentes programas dentro y fuera de Europa. De este modo conseguir una mayor conciencia europea de nuestro alumnado y profesorado, potenciando a\u00fan m\u00e1s una oferta de calidad.<\/p>\n<p>&nbsp;<\/p>\n<p>Nuestro alumnado y profesorado, en la actualidad, no participa en programas y acciones que promueven en la ciudadan\u00eda europea y la movilidad de estudiantes, pr\u00e1cticas en empresas o instituciones algunas en otros pa\u00edses de la Uni\u00f3n Europea mediante el programa Erasmus+.<\/p>\n<p>&nbsp;<\/p>\n<p>Los objetivos del Plan de Desarrollo Europeo del centro tienen como base los objetivos generales establecidos por el Marco Estrat\u00e9gico para la cooperaci\u00f3n europea en el \u00e1mbito de la Educaci\u00f3n y la Formaci\u00f3n 2020 (ET2020):<\/p>\n<p style=\"padding-left: 30px;\">&#8211; Hacer realidad el aprendizaje permanente y la movilidad.<\/p>\n<p style=\"padding-left: 30px;\">&#8211; Mejorar la calidad y la eficacia de la educaci\u00f3n y la formaci\u00f3n<\/p>\n<p style=\"padding-left: 30px;\">&#8211; Promover la equidad, la cohesi\u00f3n social y la ciudadan\u00eda activa<\/p>\n<p style=\"padding-left: 30px;\">&#8211; Incrementar la creatividad y la innovaci\u00f3n, incluido el esp\u00edritu empresarial, en todos los niveles de la educaci\u00f3n y la formaci\u00f3n.<\/p>\n<p style=\"padding-left: 30px;\">\n<p>Nuestro plan de desarrollo Europeo marca como objetivos para el alumnado:<\/p>\n<p style=\"padding-left: 30px;\">&#8211; Aumentar las posibilidades de acceder a un puesto de trabajo, aumentando sus competencias.<\/p>\n<p style=\"padding-left: 30px;\">&#8211; Ampliar las competencias ling\u00fc\u00edsticas del alumnado.<\/p>\n<p style=\"padding-left: 30px;\">&#8211; Mejorar grado de madurez y autonom\u00eda personal del alumnado.<\/p>\n<p style=\"padding-left: 30px;\">&#8211; Incentivar el sentimiento de pertenecer a un espacio cultural y conocerlo, as\u00ed como aumentar las oportunidades del trabajo en Europa.<\/p>\n<p style=\"padding-left: 30px;\">&#8211; Potenciar las habilidades sociales, mediante la relaci\u00f3n con personas de diferentes culturas, nacionalidades, creencias&#8230;<\/p>\n<p>&nbsp;<\/p>\n<p>Al equipo docente del centro (equipo directivo y profesorado) carece de relaci\u00f3n con otros centros educativos a nivel europeo, los cual nos gustar\u00eda mejorar. Donde la realizaci\u00f3n de estos proyectos mejorar\u00edan las habilidades relacionas con:<\/p>\n<p style=\"padding-left: 30px;\">&#8211; Metodolog\u00eda de ense\u00f1anza y dentro de este campo la relacionadas con las herramientas TICs.<\/p>\n<p style=\"padding-left: 30px;\">&#8211; Herramientas y t\u00e9cnicas de motivaci\u00f3n del alumnado de FP.<\/p>\n<p style=\"padding-left: 30px;\">&#8211; Cuando el alumnado se encuentra fuera del colegio, herramientas de seguimiento y evaluaci\u00f3n.<\/p>\n<p style=\"padding-left: 30px;\">&#8211; En funci\u00f3n de las demanda de las empresas contactadas, modificaci\u00f3n dentro de las posibilidades del curriculum, adapt\u00e1ndolo a las necesidades de las mismas.<\/p>\n<p>[\/et_pb_text][\/et_pb_column][et_pb_column type=\u00bb1_2&#8243; _builder_version=\u00bb4.6.6&#8243; _module_preset=\u00bbdefault\u00bb][et_pb_text _builder_version=\u00bb4.6.6&#8243; _module_preset=\u00bbdefault\u00bb]<\/p>\n<h2>Caracter\u00edsticas convocatoria febrero 2020<\/h2>\n<p>&nbsp;<\/p>\n<p>&nbsp;<\/p>\n<p>[\/et_pb_text][\/et_pb_column][\/et_pb_row][\/et_pb_section]<\/p>\n<!-- AddThis Advanced Settings generic via filter on the_content --><!-- AddThis Share Buttons generic via filter on the_content -->","protected":false},"excerpt":{"rendered":"<p><!-- AddThis Advanced Settings generic via filter on the_excerpt --><!-- AddThis Share Buttons generic via filter on the_excerpt --><\/p>\n","protected":false},"author":3,"featured_media":0,"parent":0,"menu_order":0,"comment_status":"closed","ping_status":"closed","template":"","meta":{"_et_pb_use_builder":"on","_et_pb_old_content":"","_et_gb_content_width":"","footnotes":""},"class_list":["post-7182","page","type-page","status-publish","hentry"],"yoast_head":"<!-- This site is optimized with the Yoast SEO plugin v28.4 - https:\/\/yoast.com\/product\/yoast-seo-wordpress\/ -->\n<title>Proyecto Erasmus+ K102 - Colegio<\/title>\n<meta name=\"robots\" content=\"index, follow, max-snippet:-1, max-image-preview:large, max-video-preview:-1\" \/>\n<link rel=\"canonical\" href=\"https:\/\/campano.salesianos.edu\/colegio\/proyecto-erasmus-k102\/\" \/>\n<meta property=\"og:locale\" content=\"es_ES\" \/>\n<meta property=\"og:type\" content=\"article\" \/>\n<meta property=\"og:title\" content=\"Proyecto Erasmus+ K102 - Colegio\" \/>\n<meta property=\"og:url\" content=\"https:\/\/campano.salesianos.edu\/colegio\/proyecto-erasmus-k102\/\" \/>\n<meta property=\"og:site_name\" content=\"Colegio\" \/>\n<meta property=\"article:modified_time\" content=\"2020-11-12T08:08:24+00:00\" \/>\n<meta name=\"twitter:card\" content=\"summary_large_image\" \/>\n<meta name=\"twitter:label1\" content=\"Tiempo de lectura\" \/>\n\t<meta name=\"twitter:data1\" content=\"3 minutos\" \/>\n<script type=\"application\/ld+json\" class=\"yoast-schema-graph\">{\"@context\":\"https:\\\/\\\/schema.org\",\"@graph\":[{\"@type\":\"WebPage\",\"@id\":\"https:\\\/\\\/campano.salesianos.edu\\\/colegio\\\/proyecto-erasmus-k102\\\/\",\"url\":\"https:\\\/\\\/campano.salesianos.edu\\\/colegio\\\/proyecto-erasmus-k102\\\/\",\"name\":\"Proyecto Erasmus+ K102 - Colegio\",\"isPartOf\":{\"@id\":\"https:\\\/\\\/campano.salesianos.edu\\\/colegio\\\/#website\"},\"datePublished\":\"2020-11-09T10:04:17+00:00\",\"dateModified\":\"2020-11-12T08:08:24+00:00\",\"breadcrumb\":{\"@id\":\"https:\\\/\\\/campano.salesianos.edu\\\/colegio\\\/proyecto-erasmus-k102\\\/#breadcrumb\"},\"inLanguage\":\"es\",\"potentialAction\":[{\"@type\":\"ReadAction\",\"target\":[\"https:\\\/\\\/campano.salesianos.edu\\\/colegio\\\/proyecto-erasmus-k102\\\/\"]}]},{\"@type\":\"BreadcrumbList\",\"@id\":\"https:\\\/\\\/campano.salesianos.edu\\\/colegio\\\/proyecto-erasmus-k102\\\/#breadcrumb\",\"itemListElement\":[{\"@type\":\"ListItem\",\"position\":1,\"name\":\"Portada\",\"item\":\"https:\\\/\\\/campano.salesianos.edu\\\/colegio\\\/\"},{\"@type\":\"ListItem\",\"position\":2,\"name\":\"Proyecto Erasmus+ K102\"}]},{\"@type\":\"WebSite\",\"@id\":\"https:\\\/\\\/campano.salesianos.edu\\\/colegio\\\/#website\",\"url\":\"https:\\\/\\\/campano.salesianos.edu\\\/colegio\\\/\",\"name\":\"Colegio\",\"description\":\"P\u00e1gina oficial Salesianos Campano\",\"potentialAction\":[{\"@type\":\"SearchAction\",\"target\":{\"@type\":\"EntryPoint\",\"urlTemplate\":\"https:\\\/\\\/campano.salesianos.edu\\\/colegio\\\/?s={search_term_string}\"},\"query-input\":{\"@type\":\"PropertyValueSpecification\",\"valueRequired\":true,\"valueName\":\"search_term_string\"}}],\"inLanguage\":\"es\"}]}<\/script>\n<!-- \/ Yoast SEO plugin. -->","yoast_head_json":{"title":"Proyecto Erasmus+ K102 - Colegio","robots":{"index":"index","follow":"follow","max-snippet":"max-snippet:-1","max-image-preview":"max-image-preview:large","max-video-preview":"max-video-preview:-1"},"canonical":"https:\/\/campano.salesianos.edu\/colegio\/proyecto-erasmus-k102\/","og_locale":"es_ES","og_type":"article","og_title":"Proyecto Erasmus+ K102 - Colegio","og_url":"https:\/\/campano.salesianos.edu\/colegio\/proyecto-erasmus-k102\/","og_site_name":"Colegio","article_modified_time":"2020-11-12T08:08:24+00:00","twitter_card":"summary_large_image","twitter_misc":{"Tiempo de lectura":"3 minutos"},"schema":{"@context":"https:\/\/schema.org","@graph":[{"@type":"WebPage","@id":"https:\/\/campano.salesianos.edu\/colegio\/proyecto-erasmus-k102\/","url":"https:\/\/campano.salesianos.edu\/colegio\/proyecto-erasmus-k102\/","name":"Proyecto Erasmus+ K102 - Colegio","isPartOf":{"@id":"https:\/\/campano.salesianos.edu\/colegio\/#website"},"datePublished":"2020-11-09T10:04:17+00:00","dateModified":"2020-11-12T08:08:24+00:00","breadcrumb":{"@id":"https:\/\/campano.salesianos.edu\/colegio\/proyecto-erasmus-k102\/#breadcrumb"},"inLanguage":"es","potentialAction":[{"@type":"ReadAction","target":["https:\/\/campano.salesianos.edu\/colegio\/proyecto-erasmus-k102\/"]}]},{"@type":"BreadcrumbList","@id":"https:\/\/campano.salesianos.edu\/colegio\/proyecto-erasmus-k102\/#breadcrumb","itemListElement":[{"@type":"ListItem","position":1,"name":"Portada","item":"https:\/\/campano.salesianos.edu\/colegio\/"},{"@type":"ListItem","position":2,"name":"Proyecto Erasmus+ K102"}]},{"@type":"WebSite","@id":"https:\/\/campano.salesianos.edu\/colegio\/#website","url":"https:\/\/campano.salesianos.edu\/colegio\/","name":"Colegio","description":"P\u00e1gina oficial Salesianos Campano","potentialAction":[{"@type":"SearchAction","target":{"@type":"EntryPoint","urlTemplate":"https:\/\/campano.salesianos.edu\/colegio\/?s={search_term_string}"},"query-input":{"@type":"PropertyValueSpecification","valueRequired":true,"valueName":"search_term_string"}}],"inLanguage":"es"}]}},"_links":{"self":[{"href":"https:\/\/campano.salesianos.edu\/colegio\/wp-json\/wp\/v2\/pages\/7182","targetHints":{"allow":["GET"]}}],"collection":[{"href":"https:\/\/campano.salesianos.edu\/colegio\/wp-json\/wp\/v2\/pages"}],"about":[{"href":"https:\/\/campano.salesianos.edu\/colegio\/wp-json\/wp\/v2\/types\/page"}],"author":[{"embeddable":true,"href":"https:\/\/campano.salesianos.edu\/colegio\/wp-json\/wp\/v2\/users\/3"}],"replies":[{"embeddable":true,"href":"https:\/\/campano.salesianos.edu\/colegio\/wp-json\/wp\/v2\/comments?post=7182"}],"version-history":[{"count":5,"href":"https:\/\/campano.salesianos.edu\/colegio\/wp-json\/wp\/v2\/pages\/7182\/revisions"}],"predecessor-version":[{"id":7231,"href":"https:\/\/campano.salesianos.edu\/colegio\/wp-json\/wp\/v2\/pages\/7182\/revisions\/7231"}],"wp:attachment":[{"href":"https:\/\/campano.salesianos.edu\/colegio\/wp-json\/wp\/v2\/media?parent=7182"}],"curies":[{"name":"wp","href":"https:\/\/api.w.org\/{rel}","templated":true}]}}

<div id="fb-root"></div>
<p>[et_pb_section fb_built=»1&#8243; _builder_version=»4.6.6&#8243; _module_preset=»default» da_disable_devices=»off|off|off» da_is_popup=»off» da_exit_intent=»off» da_has_close=»on» da_alt_close=»off» da_dark_close=»off» da_not_modal=»on» da_is_singular=»off» da_with_loader=»off» da_has_shadow=»on»][et_pb_row _builder_version=»4.6.6&#8243; _module_preset=»default»][et_pb_column type=»4_4&#8243; _builder_version=»4.6.6&#8243; _module_preset=»default»][et_pb_image src=»http://campano.salesianos.edu/colegio/wp-content/uploads/sites/2/2020/11/Captura-de-pantalla-2020-11-09-a-las-11.06.46.png» title_text=»Captura de pantalla 2020-11-09 a las 11.06.46&#8243; _builder_version=»4.6.6&#8243; _module_preset=»default»][/et_pb_image][/et_pb_column][/et_pb_row][et_pb_row column_structure=»1_2,1_2&#8243; _builder_version=»4.6.6&#8243; _module_preset=»default» locked=»off»][et_pb_column type=»1_2&#8243; _builder_version=»4.6.6&#8243; _module_preset=»default»][et_pb_text _builder_version=»4.6.6&#8243; _module_preset=»default» header_font=»|800|||||||» header_text_color=»#0c71c3&#8243; hover_enabled=»0&#8243; sticky_enabled=»0&#8243;]</p>
<h1>Erasmus+ Proyecto K102 “Creciendo en Europa”</h1>
<p>&nbsp;</p>
<p>PLAN DE DESARROLLO EUROPEO DEL CENTRO.</p>
<p>&nbsp;</p>
<p>El proyecto “Creciendo en Europa” es el punto de partida del futuro proyecto de internacionalización del Centro, con el que se pretende mejorar la calidad de la formación en todas las etapas educativas que se imparten a través de diferentes programas dentro y fuera de Europa. De este modo conseguir una mayor conciencia europea de nuestro alumnado y profesorado, potenciando aún más una oferta de calidad.</p>
<p>&nbsp;</p>
<p>Nuestro alumnado y profesorado, en la actualidad, no participa en programas y acciones que promueven en la ciudadanía europea y la movilidad de estudiantes, prácticas en empresas o instituciones algunas en otros países de la Unión Europea mediante el programa Erasmus+.</p>
<p>&nbsp;</p>
<p>Los objetivos del Plan de Desarrollo Europeo del centro tienen como base los objetivos generales establecidos por el Marco Estratégico para la cooperación europea en el ámbito de la Educación y la Formación 2020 (ET2020):</p>
<p style="padding-left: 30px;">&#8211; Hacer realidad el aprendizaje permanente y la movilidad.</p>
<p style="padding-left: 30px;">&#8211; Mejorar la calidad y la eficacia de la educación y la formación</p>
<p style="padding-left: 30px;">&#8211; Promover la equidad, la cohesión social y la ciudadanía activa</p>
<p style="padding-left: 30px;">&#8211; Incrementar la creatividad y la innovación, incluido el espíritu empresarial, en todos los niveles de la educación y la formación.</p>
<p style="padding-left: 30px;">
<p>Nuestro plan de desarrollo Europeo marca como objetivos para el alumnado:</p>
<p style="padding-left: 30px;">&#8211; Aumentar las posibilidades de acceder a un puesto de trabajo, aumentando sus competencias.</p>
<p style="padding-left: 30px;">&#8211; Ampliar las competencias lingüísticas del alumnado.</p>
<p style="padding-left: 30px;">&#8211; Mejorar grado de madurez y autonomía personal del alumnado.</p>
<p style="padding-left: 30px;">&#8211; Incentivar el sentimiento de pertenecer a un espacio cultural y conocerlo, así como aumentar las oportunidades del trabajo en Europa.</p>
<p style="padding-left: 30px;">&#8211; Potenciar las habilidades sociales, mediante la relación con personas de diferentes culturas, nacionalidades, creencias&#8230;</p>
<p>&nbsp;</p>
<p>Al equipo docente del centro (equipo directivo y profesorado) carece de relación con otros centros educativos a nivel europeo, los cual nos gustaría mejorar. Donde la realización de estos proyectos mejorarían las habilidades relacionas con:</p>
<p style="padding-left: 30px;">&#8211; Metodología de enseñanza y dentro de este campo la relacionadas con las herramientas TICs.</p>
<p style="padding-left: 30px;">&#8211; Herramientas y técnicas de motivación del alumnado de FP.</p>
<p style="padding-left: 30px;">&#8211; Cuando el alumnado se encuentra fuera del colegio, herramientas de seguimiento y evaluación.</p>
<p style="padding-left: 30px;">&#8211; En función de las demanda de las empresas contactadas, modificación dentro de las posibilidades del curriculum, adaptándolo a las necesidades de las mismas.</p>
<p>[/et_pb_text][/et_pb_column][et_pb_column type=»1_2&#8243; _builder_version=»4.6.6&#8243; _module_preset=»default»][et_pb_text _builder_version=»4.6.6&#8243; _module_preset=»default»]</p>
<h2>Características convocatoria febrero 2020</h2>
<p>&nbsp;</p>
<p>&nbsp;</p>
<p>[/et_pb_text][/et_pb_column][/et_pb_row][/et_pb_section]</p>
<!-- AddThis Advanced Settings generic via filter on the_content --><!-- AddThis Share Buttons generic via filter on the_content -->

<!-- This site is optimized with the Yoast SEO plugin v28.4 - https://yoast.com/product/yoast-seo-wordpress/ -->
<title>Proyecto Erasmus+ K102 - Colegio</title>
<meta name="robots" content="index, follow, max-snippet:-1, max-image-preview:large, max-video-preview:-1" />
<link rel="canonical" href="https://campano.salesianos.edu/colegio/proyecto-erasmus-k102/" />
<meta property="og:locale" content="es_ES" />
<meta property="og:type" content="article" />
<meta property="og:title" content="Proyecto Erasmus+ K102 - Colegio" />
<meta property="og:url" content="https://campano.salesianos.edu/colegio/proyecto-erasmus-k102/" />
<meta property="og:site_name" content="Colegio" />
<meta property="article:modified_time" content="2020-11-12T08:08:24+00:00" />
<meta name="twitter:card" content="summary_large_image" />
<meta name="twitter:label1" content="Tiempo de lectura" />
	<meta name="twitter:data1" content="3 minutos" />
<script type="application/ld+json" class="yoast-schema-graph">{"@context":"https:\/\/schema.org","@graph":[{"@type":"WebPage","@id":"https:\/\/campano.salesianos.edu\/colegio\/proyecto-erasmus-k102\/","url":"https:\/\/campano.salesianos.edu\/colegio\/proyecto-erasmus-k102\/","name":"Proyecto Erasmus+ K102 - Colegio","isPartOf":{"@id":"https:\/\/campano.salesianos.edu\/colegio\/#website"},"datePublished":"2020-11-09T10:04:17+00:00","dateModified":"2020-11-12T08:08:24+00:00","breadcrumb":{"@id":"https:\/\/campano.salesianos.edu\/colegio\/proyecto-erasmus-k102\/#breadcrumb"},"inLanguage":"es","potentialAction":[{"@type":"ReadAction","target":["https:\/\/campano.salesianos.edu\/colegio\/proyecto-erasmus-k102\/"]}]},{"@type":"BreadcrumbList","@id":"https:\/\/campano.salesianos.edu\/colegio\/proyecto-erasmus-k102\/#breadcrumb","itemListElement":[{"@type":"ListItem","position":1,"name":"Portada","item":"https:\/\/campano.salesianos.edu\/colegio\/"},{"@type":"ListItem","position":2,"name":"Proyecto Erasmus+ K102"}]},{"@type":"WebSite","@id":"https:\/\/campano.salesianos.edu\/colegio\/#website","url":"https:\/\/campano.salesianos.edu\/colegio\/","name":"Colegio","description":"Página oficial Salesianos Campano","potentialAction":[{"@type":"SearchAction","target":{"@type":"EntryPoint","urlTemplate":"https:\/\/campano.salesianos.edu\/colegio\/?s={search_term_string}"},"query-input":{"@type":"PropertyValueSpecification","valueRequired":true,"valueName":"search_term_string"}}],"inLanguage":"es"}]}</script>
<!-- / Yoast SEO plugin. -->

Página oficial Salesianos Campano
