{"id":5348,"date":"2017-12-02T11:05:38","date_gmt":"2017-12-02T10:05:38","guid":{"rendered":"http:\/\/campano.salesianos.edu\/colegio\/?page_id=5348"},"modified":"2018-11-13T12:07:31","modified_gmt":"2018-11-13T11:07:31","slug":"delegados-2o-electricidad","status":"publish","type":"page","link":"https:\/\/campano.salesianos.edu\/colegio\/delegados-2o-electricidad\/","title":{"rendered":"Delegados 2\u00ba Electricidad"},"content":{"rendered":"<div id=\"fb-root\"><\/div>\n<p>[et_pb_section bb_built=\u00bb1&#8243; fullwidth=\u00bbon\u00bb _builder_version=\u00bb3.0.47&#8243; next_background_color=\u00bb#000000&#8243;][et_pb_fullwidth_header title=\u00bbDelegado de clase\u00bb title_font_color=\u00bb#ffffff\u00bb module_class=\u00bbpagina-imagen-cabecera\u00bb _builder_version=\u00bb3.0.89&#8243; title_font_size=\u00bb40px\u00bb background_image=\u00bbhttps:\/\/inspectoria.salesianos.edu\/wp-content\/uploads\/2017\/09\/ImagenPAGINA.jpg\u00bb background_url=\u00bbhttps:\/\/alicante.salesianos.edu\/familiasalesiana\/wp-content\/uploads\/sites\/7\/2017\/04\/Archivo_006.jpeg\u00bb text_orientation=\u00bbleft\u00bb header_fullscreen=\u00bboff\u00bb header_scroll_down=\u00bboff\u00bb image_orientation=\u00bbcenter\u00bb background_layout=\u00bblight\u00bb content_orientation=\u00bbcenter\u00bb custom_button_one=\u00bboff\u00bb button_one_icon_placement=\u00bbright\u00bb custom_button_two=\u00bboff\u00bb button_two_icon_placement=\u00bbright\u00bb max_width_tablet=\u00bb50px\u00bb title_text_color=\u00bb#ffffff\u00bb \/][\/et_pb_section][et_pb_section bb_built=\u00bb1&#8243; custom_padding=\u00bb-4%|||\u00bb module_class=\u00bbpagina-seccion-contenido\u00bb _builder_version=\u00bb3.0.47&#8243; prev_background_color=\u00bb#000000&#8243;][et_pb_row custom_padding=\u00bb25px|||\u00bb custom_margin=\u00bb25px|||\u00bb parallax_method_1=\u00bboff\u00bb module_class=\u00bbpagina-texto\u00bb _builder_version=\u00bb3.0.72&#8243; background_size=\u00bbinitial\u00bb background_position=\u00bbtop_left\u00bb background_repeat=\u00bbrepeat\u00bb][et_pb_column type=\u00bb4_4&#8243;][et_pb_text _builder_version=\u00bb3.0.89&#8243; background_size=\u00bbinitial\u00bb background_position=\u00bbtop_left\u00bb background_repeat=\u00bbrepeat\u00bb background_layout=\u00bblight\u00bb]<\/p>\n<h1>Funciones Delegados<\/h1>\n<p>[\/et_pb_text][et_pb_text _builder_version=\u00bb3.0.105&#8243; background_layout=\u00bblight\u00bb]<\/p>\n<ul>\n<li>Asistir a las reuniones de la Junta de Delegados y participar en sus deliberaciones.<\/li>\n<li>Exponer a los \u00f3rganos de gobierno y de coordinaci\u00f3n did\u00e1ctica las sugerencias del grupo al que representan.<\/li>\n<li>Fomentar la convivencia entre los alumnos de su grupo.<\/li>\n<li>Colaborar con el tutor, los profesores y \u00f3rganos de gobierno para el buen funcionamiento del centro.<\/li>\n<li>Otras funciones que se deriven de lo expresado en el reglamento.<\/li>\n<\/ul>\n<p>[\/et_pb_text][\/et_pb_column][\/et_pb_row][et_pb_row _builder_version=\u00bb3.0.69&#8243;][et_pb_column type=\u00bb1_4&#8243;][et_pb_image src=\u00bbhttp:\/\/campano.salesianos.edu\/colegio\/wp-content\/uploads\/sites\/2\/2017\/12\/Subdelegado-e1513098844777.jpg\u00bb always_center_on_mobile=\u00bboff\u00bb _builder_version=\u00bb3.0.105&#8243; animation_style=\u00bbslide\u00bb animation_direction=\u00bbleft\u00bb animation_duration=\u00bb500ms\u00bb animation_intensity_slide=\u00bb10%\u00bb show_in_lightbox=\u00bboff\u00bb url_new_window=\u00bboff\u00bb use_overlay=\u00bboff\u00bb force_fullwidth=\u00bboff\u00bb show_bottom_space=\u00bbon\u00bb \/][et_pb_text _builder_version=\u00bb3.0.105&#8243; background_layout=\u00bblight\u00bb]<\/p>\n<p>Mohamed Amine<\/p>\n<ul>\n<li>Delegado<\/li>\n<\/ul>\n<p>[\/et_pb_text][\/et_pb_column][et_pb_column type=\u00bb1_4&#8243;][et_pb_image src=\u00bbhttp:\/\/campano.salesianos.edu\/colegio\/wp-content\/uploads\/sites\/2\/2017\/12\/Subdelegado-3-e1513163455716.jpg\u00bb always_center_on_mobile=\u00bboff\u00bb _builder_version=\u00bb3.0.105&#8243; animation_style=\u00bbslide\u00bb animation_direction=\u00bbleft\u00bb animation_duration=\u00bb500ms\u00bb animation_intensity_slide=\u00bb10%\u00bb show_in_lightbox=\u00bboff\u00bb url_new_window=\u00bboff\u00bb use_overlay=\u00bboff\u00bb force_fullwidth=\u00bboff\u00bb show_bottom_space=\u00bbon\u00bb \/][et_pb_text _builder_version=\u00bb3.0.105&#8243; background_layout=\u00bblight\u00bb]<\/p>\n<p>Manuel del Castillo<\/p>\n<ul>\n<li>Subdelegado<\/li>\n<\/ul>\n<p>[\/et_pb_text][\/et_pb_column][et_pb_column type=\u00bb1_4&#8243;][et_pb_image src=\u00bbhttp:\/\/campano.salesianos.edu\/colegio\/wp-content\/uploads\/sites\/2\/2017\/12\/Pastoral-1-e1513099008497.jpg\u00bb always_center_on_mobile=\u00bboff\u00bb _builder_version=\u00bb3.0.105&#8243; animation_style=\u00bbslide\u00bb animation_direction=\u00bbleft\u00bb animation_duration=\u00bb500ms\u00bb animation_intensity_slide=\u00bb10%\u00bb show_in_lightbox=\u00bboff\u00bb url_new_window=\u00bboff\u00bb use_overlay=\u00bboff\u00bb force_fullwidth=\u00bboff\u00bb show_bottom_space=\u00bbon\u00bb \/][et_pb_text _builder_version=\u00bb3.0.105&#8243; background_layout=\u00bblight\u00bb]<\/p>\n<p>Jaime Cobelo<\/p>\n<ul>\n<li>Delegado Pastoral<\/li>\n<\/ul>\n<p>[\/et_pb_text][\/et_pb_column][et_pb_column type=\u00bb1_4&#8243;][\/et_pb_column][\/et_pb_row][et_pb_row _builder_version=\u00bb3.0.72&#8243;][et_pb_column type=\u00bb4_4&#8243;][et_pb_divider _builder_version=\u00bb3.0.72&#8243; disabled_on=\u00bbon|on|off\u00bb \/][\/et_pb_column][\/et_pb_row][\/et_pb_section]<\/p>\n<!-- AddThis Advanced Settings generic via filter on the_content --><!-- AddThis Share Buttons generic via filter on the_content -->","protected":false},"excerpt":{"rendered":"<p><!-- AddThis Advanced Settings generic via filter on the_excerpt --><!-- AddThis Share Buttons generic via filter on the_excerpt --><\/p>\n","protected":false},"author":3,"featured_media":0,"parent":0,"menu_order":0,"comment_status":"closed","ping_status":"closed","template":"","meta":{"_et_pb_use_builder":"on","_et_pb_old_content":"","_et_gb_content_width":"","footnotes":""},"class_list":["post-5348","page","type-page","status-publish","hentry"],"yoast_head":"<!-- This site is optimized with the Yoast SEO plugin v28.3 - https:\/\/yoast.com\/product\/yoast-seo-wordpress\/ -->\n<title>Delegados 2\u00ba Electricidad - Colegio<\/title>\n<meta name=\"robots\" content=\"index, follow, max-snippet:-1, max-image-preview:large, max-video-preview:-1\" \/>\n<link rel=\"canonical\" href=\"https:\/\/campano.salesianos.edu\/colegio\/delegados-2o-electricidad\/\" \/>\n<meta property=\"og:locale\" content=\"es_ES\" \/>\n<meta property=\"og:type\" content=\"article\" \/>\n<meta property=\"og:title\" content=\"Delegados 2\u00ba Electricidad - Colegio\" \/>\n<meta property=\"og:url\" content=\"https:\/\/campano.salesianos.edu\/colegio\/delegados-2o-electricidad\/\" \/>\n<meta property=\"og:site_name\" content=\"Colegio\" \/>\n<meta property=\"article:modified_time\" content=\"2018-11-13T11:07:31+00:00\" \/>\n<meta name=\"twitter:card\" content=\"summary_large_image\" \/>\n<meta name=\"twitter:label1\" content=\"Tiempo de lectura\" \/>\n\t<meta name=\"twitter:data1\" content=\"3 minutos\" \/>\n<script type=\"application\/ld+json\" class=\"yoast-schema-graph\">{\"@context\":\"https:\\\/\\\/schema.org\",\"@graph\":[{\"@type\":\"WebPage\",\"@id\":\"https:\\\/\\\/campano.salesianos.edu\\\/colegio\\\/delegados-2o-electricidad\\\/\",\"url\":\"https:\\\/\\\/campano.salesianos.edu\\\/colegio\\\/delegados-2o-electricidad\\\/\",\"name\":\"Delegados 2\u00ba Electricidad - Colegio\",\"isPartOf\":{\"@id\":\"https:\\\/\\\/campano.salesianos.edu\\\/colegio\\\/#website\"},\"datePublished\":\"2017-12-02T10:05:38+00:00\",\"dateModified\":\"2018-11-13T11:07:31+00:00\",\"breadcrumb\":{\"@id\":\"https:\\\/\\\/campano.salesianos.edu\\\/colegio\\\/delegados-2o-electricidad\\\/#breadcrumb\"},\"inLanguage\":\"es\",\"potentialAction\":[{\"@type\":\"ReadAction\",\"target\":[\"https:\\\/\\\/campano.salesianos.edu\\\/colegio\\\/delegados-2o-electricidad\\\/\"]}]},{\"@type\":\"BreadcrumbList\",\"@id\":\"https:\\\/\\\/campano.salesianos.edu\\\/colegio\\\/delegados-2o-electricidad\\\/#breadcrumb\",\"itemListElement\":[{\"@type\":\"ListItem\",\"position\":1,\"name\":\"Portada\",\"item\":\"https:\\\/\\\/campano.salesianos.edu\\\/colegio\\\/\"},{\"@type\":\"ListItem\",\"position\":2,\"name\":\"Delegados 2\u00ba Electricidad\"}]},{\"@type\":\"WebSite\",\"@id\":\"https:\\\/\\\/campano.salesianos.edu\\\/colegio\\\/#website\",\"url\":\"https:\\\/\\\/campano.salesianos.edu\\\/colegio\\\/\",\"name\":\"Colegio\",\"description\":\"P\u00e1gina oficial Salesianos Campano\",\"potentialAction\":[{\"@type\":\"SearchAction\",\"target\":{\"@type\":\"EntryPoint\",\"urlTemplate\":\"https:\\\/\\\/campano.salesianos.edu\\\/colegio\\\/?s={search_term_string}\"},\"query-input\":{\"@type\":\"PropertyValueSpecification\",\"valueRequired\":true,\"valueName\":\"search_term_string\"}}],\"inLanguage\":\"es\"}]}<\/script>\n<!-- \/ Yoast SEO plugin. -->","yoast_head_json":{"title":"Delegados 2\u00ba Electricidad - Colegio","robots":{"index":"index","follow":"follow","max-snippet":"max-snippet:-1","max-image-preview":"max-image-preview:large","max-video-preview":"max-video-preview:-1"},"canonical":"https:\/\/campano.salesianos.edu\/colegio\/delegados-2o-electricidad\/","og_locale":"es_ES","og_type":"article","og_title":"Delegados 2\u00ba Electricidad - Colegio","og_url":"https:\/\/campano.salesianos.edu\/colegio\/delegados-2o-electricidad\/","og_site_name":"Colegio","article_modified_time":"2018-11-13T11:07:31+00:00","twitter_card":"summary_large_image","twitter_misc":{"Tiempo de lectura":"3 minutos"},"schema":{"@context":"https:\/\/schema.org","@graph":[{"@type":"WebPage","@id":"https:\/\/campano.salesianos.edu\/colegio\/delegados-2o-electricidad\/","url":"https:\/\/campano.salesianos.edu\/colegio\/delegados-2o-electricidad\/","name":"Delegados 2\u00ba Electricidad - Colegio","isPartOf":{"@id":"https:\/\/campano.salesianos.edu\/colegio\/#website"},"datePublished":"2017-12-02T10:05:38+00:00","dateModified":"2018-11-13T11:07:31+00:00","breadcrumb":{"@id":"https:\/\/campano.salesianos.edu\/colegio\/delegados-2o-electricidad\/#breadcrumb"},"inLanguage":"es","potentialAction":[{"@type":"ReadAction","target":["https:\/\/campano.salesianos.edu\/colegio\/delegados-2o-electricidad\/"]}]},{"@type":"BreadcrumbList","@id":"https:\/\/campano.salesianos.edu\/colegio\/delegados-2o-electricidad\/#breadcrumb","itemListElement":[{"@type":"ListItem","position":1,"name":"Portada","item":"https:\/\/campano.salesianos.edu\/colegio\/"},{"@type":"ListItem","position":2,"name":"Delegados 2\u00ba Electricidad"}]},{"@type":"WebSite","@id":"https:\/\/campano.salesianos.edu\/colegio\/#website","url":"https:\/\/campano.salesianos.edu\/colegio\/","name":"Colegio","description":"P\u00e1gina oficial Salesianos Campano","potentialAction":[{"@type":"SearchAction","target":{"@type":"EntryPoint","urlTemplate":"https:\/\/campano.salesianos.edu\/colegio\/?s={search_term_string}"},"query-input":{"@type":"PropertyValueSpecification","valueRequired":true,"valueName":"search_term_string"}}],"inLanguage":"es"}]}},"_links":{"self":[{"href":"https:\/\/campano.salesianos.edu\/colegio\/wp-json\/wp\/v2\/pages\/5348","targetHints":{"allow":["GET"]}}],"collection":[{"href":"https:\/\/campano.salesianos.edu\/colegio\/wp-json\/wp\/v2\/pages"}],"about":[{"href":"https:\/\/campano.salesianos.edu\/colegio\/wp-json\/wp\/v2\/types\/page"}],"author":[{"embeddable":true,"href":"https:\/\/campano.salesianos.edu\/colegio\/wp-json\/wp\/v2\/users\/3"}],"replies":[{"embeddable":true,"href":"https:\/\/campano.salesianos.edu\/colegio\/wp-json\/wp\/v2\/comments?post=5348"}],"version-history":[{"count":6,"href":"https:\/\/campano.salesianos.edu\/colegio\/wp-json\/wp\/v2\/pages\/5348\/revisions"}],"predecessor-version":[{"id":6135,"href":"https:\/\/campano.salesianos.edu\/colegio\/wp-json\/wp\/v2\/pages\/5348\/revisions\/6135"}],"wp:attachment":[{"href":"https:\/\/campano.salesianos.edu\/colegio\/wp-json\/wp\/v2\/media?parent=5348"}],"curies":[{"name":"wp","href":"https:\/\/api.w.org\/{rel}","templated":true}]}}

Delegados 2º Electricidad

<div id="fb-root"></div>
<p>[et_pb_section bb_built=»1&#8243; fullwidth=»on» _builder_version=»3.0.47&#8243; next_background_color=»#000000&#8243;][et_pb_fullwidth_header title=»Delegado de clase» title_font_color=»#ffffff» module_class=»pagina-imagen-cabecera» _builder_version=»3.0.89&#8243; title_font_size=»40px» background_image=»https://inspectoria.salesianos.edu/wp-content/uploads/2017/09/ImagenPAGINA.jpg» background_url=»https://alicante.salesianos.edu/familiasalesiana/wp-content/uploads/sites/7/2017/04/Archivo_006.jpeg» text_orientation=»left» header_fullscreen=»off» header_scroll_down=»off» image_orientation=»center» background_layout=»light» content_orientation=»center» custom_button_one=»off» button_one_icon_placement=»right» custom_button_two=»off» button_two_icon_placement=»right» max_width_tablet=»50px» title_text_color=»#ffffff» /][/et_pb_section][et_pb_section bb_built=»1&#8243; custom_padding=»-4%|||» module_class=»pagina-seccion-contenido» _builder_version=»3.0.47&#8243; prev_background_color=»#000000&#8243;][et_pb_row custom_padding=»25px|||» custom_margin=»25px|||» parallax_method_1=»off» module_class=»pagina-texto» _builder_version=»3.0.72&#8243; background_size=»initial» background_position=»top_left» background_repeat=»repeat»][et_pb_column type=»4_4&#8243;][et_pb_text _builder_version=»3.0.89&#8243; background_size=»initial» background_position=»top_left» background_repeat=»repeat» background_layout=»light»]</p>
<h1>Funciones Delegados</h1>
<p>[/et_pb_text][et_pb_text _builder_version=»3.0.105&#8243; background_layout=»light»]</p>
<ul>
<li>Asistir a las reuniones de la Junta de Delegados y participar en sus deliberaciones.</li>
<li>Exponer a los órganos de gobierno y de coordinación didáctica las sugerencias del grupo al que representan.</li>
<li>Fomentar la convivencia entre los alumnos de su grupo.</li>
<li>Colaborar con el tutor, los profesores y órganos de gobierno para el buen funcionamiento del centro.</li>
<li>Otras funciones que se deriven de lo expresado en el reglamento.</li>
</ul>
<p>[/et_pb_text][/et_pb_column][/et_pb_row][et_pb_row _builder_version=»3.0.69&#8243;][et_pb_column type=»1_4&#8243;][et_pb_image src=»http://campano.salesianos.edu/colegio/wp-content/uploads/sites/2/2017/12/Subdelegado-e1513098844777.jpg» always_center_on_mobile=»off» _builder_version=»3.0.105&#8243; animation_style=»slide» animation_direction=»left» animation_duration=»500ms» animation_intensity_slide=»10%» show_in_lightbox=»off» url_new_window=»off» use_overlay=»off» force_fullwidth=»off» show_bottom_space=»on» /][et_pb_text _builder_version=»3.0.105&#8243; background_layout=»light»]</p>
<p>Mohamed Amine</p>
<ul>
<li>Delegado</li>
</ul>
<p>[/et_pb_text][/et_pb_column][et_pb_column type=»1_4&#8243;][et_pb_image src=»http://campano.salesianos.edu/colegio/wp-content/uploads/sites/2/2017/12/Subdelegado-3-e1513163455716.jpg» always_center_on_mobile=»off» _builder_version=»3.0.105&#8243; animation_style=»slide» animation_direction=»left» animation_duration=»500ms» animation_intensity_slide=»10%» show_in_lightbox=»off» url_new_window=»off» use_overlay=»off» force_fullwidth=»off» show_bottom_space=»on» /][et_pb_text _builder_version=»3.0.105&#8243; background_layout=»light»]</p>
<p>Manuel del Castillo</p>
<ul>
<li>Subdelegado</li>
</ul>
<p>[/et_pb_text][/et_pb_column][et_pb_column type=»1_4&#8243;][et_pb_image src=»http://campano.salesianos.edu/colegio/wp-content/uploads/sites/2/2017/12/Pastoral-1-e1513099008497.jpg» always_center_on_mobile=»off» _builder_version=»3.0.105&#8243; animation_style=»slide» animation_direction=»left» animation_duration=»500ms» animation_intensity_slide=»10%» show_in_lightbox=»off» url_new_window=»off» use_overlay=»off» force_fullwidth=»off» show_bottom_space=»on» /][et_pb_text _builder_version=»3.0.105&#8243; background_layout=»light»]</p>
<p>Jaime Cobelo</p>
<ul>
<li>Delegado Pastoral</li>
</ul>
<p>[/et_pb_text][/et_pb_column][et_pb_column type=»1_4&#8243;][/et_pb_column][/et_pb_row][et_pb_row _builder_version=»3.0.72&#8243;][et_pb_column type=»4_4&#8243;][et_pb_divider _builder_version=»3.0.72&#8243; disabled_on=»on|on|off» /][/et_pb_column][/et_pb_row][/et_pb_section]</p>
<!-- AddThis Advanced Settings generic via filter on the_content --><!-- AddThis Share Buttons generic via filter on the_content -->

<!-- This site is optimized with the Yoast SEO plugin v28.3 - https://yoast.com/product/yoast-seo-wordpress/ -->
<title>Delegados 2º Electricidad - Colegio</title>
<meta name="robots" content="index, follow, max-snippet:-1, max-image-preview:large, max-video-preview:-1" />
<link rel="canonical" href="https://campano.salesianos.edu/colegio/delegados-2o-electricidad/" />
<meta property="og:locale" content="es_ES" />
<meta property="og:type" content="article" />
<meta property="og:title" content="Delegados 2º Electricidad - Colegio" />
<meta property="og:url" content="https://campano.salesianos.edu/colegio/delegados-2o-electricidad/" />
<meta property="og:site_name" content="Colegio" />
<meta property="article:modified_time" content="2018-11-13T11:07:31+00:00" />
<meta name="twitter:card" content="summary_large_image" />
<meta name="twitter:label1" content="Tiempo de lectura" />
	<meta name="twitter:data1" content="3 minutos" />
<script type="application/ld+json" class="yoast-schema-graph">{"@context":"https:\/\/schema.org","@graph":[{"@type":"WebPage","@id":"https:\/\/campano.salesianos.edu\/colegio\/delegados-2o-electricidad\/","url":"https:\/\/campano.salesianos.edu\/colegio\/delegados-2o-electricidad\/","name":"Delegados 2º Electricidad - Colegio","isPartOf":{"@id":"https:\/\/campano.salesianos.edu\/colegio\/#website"},"datePublished":"2017-12-02T10:05:38+00:00","dateModified":"2018-11-13T11:07:31+00:00","breadcrumb":{"@id":"https:\/\/campano.salesianos.edu\/colegio\/delegados-2o-electricidad\/#breadcrumb"},"inLanguage":"es","potentialAction":[{"@type":"ReadAction","target":["https:\/\/campano.salesianos.edu\/colegio\/delegados-2o-electricidad\/"]}]},{"@type":"BreadcrumbList","@id":"https:\/\/campano.salesianos.edu\/colegio\/delegados-2o-electricidad\/#breadcrumb","itemListElement":[{"@type":"ListItem","position":1,"name":"Portada","item":"https:\/\/campano.salesianos.edu\/colegio\/"},{"@type":"ListItem","position":2,"name":"Delegados 2º Electricidad"}]},{"@type":"WebSite","@id":"https:\/\/campano.salesianos.edu\/colegio\/#website","url":"https:\/\/campano.salesianos.edu\/colegio\/","name":"Colegio","description":"Página oficial Salesianos Campano","potentialAction":[{"@type":"SearchAction","target":{"@type":"EntryPoint","urlTemplate":"https:\/\/campano.salesianos.edu\/colegio\/?s={search_term_string}"},"query-input":{"@type":"PropertyValueSpecification","valueRequired":true,"valueName":"search_term_string"}}],"inLanguage":"es"}]}</script>
<!-- / Yoast SEO plugin. -->

Delegados 2º Electricidad - Colegio

Página oficial Salesianos Campano
